 737307 and 237.
237
Calculate the highest common divisor of 329 and 153643.
329
Calculate the greatest common divisor of 627 and 221445.
57
Calculate the highest common factor of 25691 and 69.
23
What is the highest common factor of 8662 and 97112?
122
Calculate the greatest common divisor of 246 and 503562.
246
Calculate the highest common factor of 54 and 23841.
27
Calculate the greatest common divisor of 8730 and 54.
18
Calculate the greatest common factor of 46 and 1912.
2
What is the highest common divisor of 6893270 and 1630?
1630
What is the greatest common divisor of 224 and 416542?
14
Calculate the greatest common factor of 62 and 3265230.
62
Calculate the greatest common factor of 471152 and 88.
88
Calculate the greatest common divisor of 1120 and 481040.
560
What is the greatest common divisor of 2987 and 116?
29
Calculate the greatest common divisor of 2198861 and 868.
217
Calculate the greatest common divisor of 20520 and 1328.
8
Calculate the highest common divisor of 35121 and 69.
69
Calculate the greatest common factor of 37560 and 8.
8
Calculate the highest common factor of 46928 and 2128.
112
Calculate the highest common divisor of 12429 and 99.
9
Calculate the highest common divisor of 34 and 100606.
34
Calculate the greatest common factor of 34800 and 34000.
400
What is the highest common factor of 87 and 1659?
3
What is the highest common factor of 56 and 25712?
8
Calculate the highest common factor of 186 and 3942177.
93
Calculate the highest common divisor of 73 and 648.
1
What is the highest common factor of 1304344 and 376?
376
What is the highest common divisor of 1209403 and 124?
31
What is the greatest common factor of 2279040 and 1152?
384
What is the greatest common factor of 10 and 2258?
2
What is the highest common factor of 15295 and 57?
19
What is the greatest common divisor of 92097 and 144?
9
Calculate the greatest common divisor of 6210 and 7130.
230
What is the greatest common divisor of 4480 and 3276?
28
Calculate the highest common divisor of 129 and 1307157.
129
What is the highest common divisor of 515017 and 3856?
241
What is the highest common factor of 195262 and 204?
34
Calculate the highest common divisor of 865 and 145.
5
What is the greatest common factor of 955090 and 4321?
149
What is the highest common divisor of 7 and 8563667?
7
Calculate the highest common factor of 205 and 11029.
41
Calculate the greatest common factor of 4422671 and 121.
121
What is the highest common divisor of 151 and 769?
1
Calculate the highest common divisor of 1145 and 860.
5
What is the greatest common divisor of 112056 and 1518?
138
Calculate the highest common divisor of 168 and 12796.
28
Calculate the highest common factor of 91649 and 2479.
37
What is the highest common divisor of 29105 and 5?
5
What is the greatest common factor of 57232 and 1176?
392
Calculate the greatest common divisor of 152561 and 41.
41
What is the greatest common divisor of 115 and 11802105?
115
Calculate the highest common factor of 875 and 61075.
175
Calculate the highest common factor of 162680 and 420.
140
Calculate the greatest common divisor of 310 and 14610.
10
What is the greatest common divisor of 54 and 56349?
27
What is the greatest common divisor of 673254 and 1356?
678
Calculate the greatest common factor of 8129238 and 234.
78
Calculate the highest common divisor of 41176 and 72.
8
Calculate the highest common factor of 4018 and 490.
98
What is the greatest common divisor of 10290 and 102?
6
What is the highest common factor of 28093 and 13?
13
Calculate the highest common divisor of 3367 and 27417.
481
Calculate the greatest common divisor of 54150 and 300.
150
Calculate the greatest common divisor of 324 and 2382.
6
Calculate the greatest common factor of 17622 and 378.
18
What is the greatest common divisor of 459 and 486?
27
What is the highest common divisor of 198 and 88812?
18
What is the highest common divisor of 432 and 2424?
24
Calculate the highest common factor of 1680 and 1344.
336
Calculate the highest common factor of 10985 and 16250.
65
Calculate the greatest common divisor of 9747 and 1197.
171
Calculate the greatest common factor of 265 and 263145.
265
Calculate the greatest common factor of 16 and 753124.
4
Calculate the highest common factor of 89 and 3908.
1
What is the highest common factor of 5611 and 19367?
181
Calculate the highest common divisor of 209 and 141778.
19
Calculate the highest common factor of 180 and 4383.
9
What is the highest common divisor of 115 and 55637?
23
Calculate the highest common factor of 483 and 2665677.
483
Calculate the greatest common divisor of 20227 and 2599.
113
Calculate the greatest common divisor of 6808576 and 32.
32
What is the greatest common factor of 621 and 6141?
69
What is the highest common divisor of 651379 and 146?
73
What is the greatest common factor of 7498 and 11?
1
What is the highest common divisor of 67608 and 48?
24
What is the greatest common divisor of 2834 and 255278?
218
Calculate the greatest common divisor of 777 and 46509.
111
What is the highest common factor of 1 and 7853?
1
Calculate the greatest common divisor of 2060485 and 245.
35
Calculate the highest common factor of 10716 and 33276.
564
Calculate the greatest common factor of 444103 and 3619.
517
Calculate the highest common divisor of 594 and 54.
54
Calculate the highest common divisor of 6 and 3777.
3
What is the highest common divisor of 30 and 200877?
3
Calculate the greatest common factor of 8845 and 1160.
145
What is the greatest common factor of 21028 and 112?
28
Calculate the highest common factor of 3450 and 165.
15
What is the highest common factor of 325 and 227240?
65
Calculate the greatest common factor of 1200730 and 60.
10
What is the highest common divisor of 62083 and 126?
7
What is the greatest common factor of 3052 and 1572?
4
What is the greatest common divisor of 6000 and 2928?
48
Calculate the highest common factor of 6328 and 392.
56
Calculate the highest common factor of 19896 and 264.
24
Calculate the greatest common factor of 52905 and 15.
15
Calculate the highest common divisor of 4587 and 297.
33
Calculate the highest common divisor of 282317 and 434.
217
What is the highest common divisor of 10 and 17600?
10
Calculate the highest common divisor of 567 and 371.
7
Calculate the highest common divisor of 1218 and 84.
42
What is the greatest common factor of 264 and 75471?
33
Calculate the greatest common divisor of 376931 and 1.
1
What is the greatest common factor of 436 and 796?
4
Calculate the highest common factor of 432 and 1971108.
108
Calculate the greatest common factor of 80594 and 236.
118
What is the highest common divisor of 259252 and 40796?
1316
What is the highest common factor of 292 and 84534?
146
What is the highest common factor of 12 and 112420?
4
Calculate the highest common factor of 2286 and 48514.
254
Calculate the greatest common divisor of 3828 and 272716.
116
Calculate the highest common factor of 343 and 7039732.
343
What is the highest common factor of 70613 and 30?
1
Calculate the greatest common factor of 495814 and 620.
62
Calculate the highest common factor of 309394 and 259.
37
What is the highest common factor of 72 and 1486404?
36
What is the highest common factor of 4402 and 7006?
62
Calculate the greatest common divisor of 6 and 6063.
3
Calculate the highest common factor of 474189 and 4207.
601
Calculate the highest common divisor of 3440 and 40960.
80
Calculate the highest common factor of 27878 and 5406.
106
Calculate the highest common factor of 1665 and 1850.
185
Calculate the highest common factor of 1090 and 25360.
10
Calculate the greatest common factor of 372330 and 11426.
394
Calculate the greatest common divisor of 2132824 and 32.
8
What is the highest common factor of 333626 and 1284?
214
What is the highest common factor of 2295 and 4743?
153
Calculate the greatest common divisor of 128 and 597232.
16
What is the highest common factor of 6410079 and 13?
13
What is the highest common factor of 11 and 3423816?
11
What is the greatest common factor of 30913 and 8341?
19
Calculate the highest common divisor of 2856 and 672.
168
What is the highest common divisor of 33 and 217459?
11
What is the greate